{"id":57,"date":"2021-07-06T12:44:52","date_gmt":"2021-07-06T10:44:52","guid":{"rendered":"https:\/\/blackgrousecz.wordpress.com\/?page_id=57"},"modified":"2021-09-06T08:46:15","modified_gmt":"2021-09-06T08:46:15","slug":"kontakt","status":"publish","type":"page","link":"https:\/\/www.pomahametetrivkovi.cz\/index.php\/kontakt\/","title":{"rendered":"Kontakt"},"content":{"rendered":"\n<div class=\"wp-container-1 wp-block-group alignfull has-primary-background-color has-background\"><div class=\"wp-block-group__inner-container\">\n<h4 class=\"has-text-align-center\"><span class=\"has-inline-color has-background-color\">Hlavn\u00ed <span class=\"has-inline-color has-background-color\"><\/span>\u0159e\u0161itel projektu<\/span><\/h4>\n\n\n\n<p class=\"has-text-align-center has-text-color\" style=\"color:#ffffff\">V\u00fdzkumn\u00fd \u00fastav lesn\u00edho hospod\u00e1\u0159stv\u00ed a myslivosti<br>Strnady 136, 252 02 J\u00edlovi\u0161t\u011b <br>E-mail: <a href=\"mailto:podatelna@vulhm.cz\">podatelna@vulhm.cz<\/a><\/p>\n\n\n\n<h4 class=\"has-text-align-center\"><span class=\"has-inline-color has-background-color\">Partne\u0159i projektu<\/span><\/h4>\n\n\n\n<p class=\"has-text-align-center has-text-color\" style=\"color:#ffffff\">Vojensk\u00e9 lesy a statky, divize Karlovy Vary<br>Mattoniho n\u00e1b\u0159e\u017e\u00ed 203\/130, 360 06 Karlovy Vary<br>E-mail: <a href=\"mailto:podatelna.vary@vls.cz\">podatelna.vary@vls.cz<\/a><\/p>\n\n\n\n<p class=\"has-text-align-center has-text-color\" style=\"color:#ffffff\">Norwegian Institute for Nature Research<br>H\u00f8gskoleringen 9, 7034 Trondheim, Norsko<br>E-mail: <a href=\"mailto:firmapost@nina.no\">firmapost@nina.no<\/a><\/p>\n<\/div><\/div>\n\n\n\n<p><\/p>\n","protected":false},"excerpt":{"rendered":"<p>Hlavn\u00ed \u0159e\u0161itel projektu V\u00fdzkumn\u00fd \u00fastav lesn\u00edho hospod\u00e1\u0159stv\u00ed a myslivostiStrnady 136, 252 02 J\u00edlovi\u0161t\u011b E-mail: podatelna@vulhm.cz Partne\u0159i projektu Vojensk\u00e9 lesy a statky, divize Karlovy VaryMattoniho n\u00e1b\u0159e\u017e\u00ed 203\/130, 360 06 Karlovy VaryE-mail: podatelna.vary@vls.cz Norwegian Institute for Nature ResearchH\u00f8gskoleringen 9, 7034 Trondheim, NorskoE-mail: firmapost@nina.no<\/p>\n","protected":false},"author":1,"featured_media":0,"parent":0,"menu_order":0,"comment_status":"closed","ping_status":"closed","template":"","meta":{"ngg_post_thumbnail":0},"_links":{"self":[{"href":"https:\/\/www.pomahametetrivkovi.cz\/index.php\/wp-json\/wp\/v2\/pages\/57"}],"collection":[{"href":"https:\/\/www.pomahametetrivkovi.cz\/index.php\/wp-json\/wp\/v2\/pages"}],"about":[{"href":"https:\/\/www.pomahametetrivkovi.cz\/index.php\/wp-json\/wp\/v2\/types\/page"}],"author":[{"embeddable":true,"href":"https:\/\/www.pomahametetrivkovi.cz\/index.php\/wp-json\/wp\/v2\/users\/1"}],"replies":[{"embeddable":true,"href":"https:\/\/www.pomahametetrivkovi.cz\/index.php\/wp-json\/wp\/v2\/comments?post=57"}],"version-history":[{"count":1,"href":"https:\/\/www.pomahametetrivkovi.cz\/index.php\/wp-json\/wp\/v2\/pages\/57\/revisions"}],"predecessor-version":[{"id":295,"href":"https:\/\/www.pomahametetrivkovi.cz\/index.php\/wp-json\/wp\/v2\/pages\/57\/revisions\/295"}],"wp:attachment":[{"href":"https:\/\/www.pomahametetrivkovi.cz\/index.php\/wp-json\/wp\/v2\/media?parent=57"}],"curies":[{"name":"wp","href":"https:\/\/api.w.org\/{rel}","templated":true}]}}